g + 3312. What is p(-39)?
-3
Let d(b) = b**3 - 43*b**2 + 75*b + 219. Determine d(41).
-68
Let n(x) = -55*x - 666. Calculate n(-14).
104
Let f(x) = -2*x**2 + 171*x + 2899. What is f(100)?
-1
Let m(d) = -2*d**3 - 95*d**2 + 53*d + 249. Determine m(-48).
9
Let n(j) = 1316*j + 13154. Give n(-10).
-6
Let l(u) = -u**3 - 18*u**2 - 18*u - 1121. Determine l(-20).
39
Let y(n) = -n**2 + 5577*n + 22321. What is y(-4)?
-3
Let j(u) = -9*u**3 - 169*u**2 + 38*u - 9. Calculate j(-19).
-9
Let i(y) = -y**2 + 1598*y + 9623. What is i(-6)?
-1
Let m(k) = -3*k**3 - 3*k**2 + 30*k - 35. Calculate m(4).
-155
Let m(p) = 9*p**2 + 8*p - 9. Determine m(-6).
267
Let x(p) = 10*p**2 - 153*p + 39. Determine x(15).
-6
Let s(k) = -7*k**2 - 1062*k - 760. Give s(-151).
-5
Let g(x) = -7248*x + 57980. Calculate g(8).
-4
Let l(g) = g**3 - 37*g**2 + 18. Determine l(37).
18
Let o(l) = -l**3 + 8*l**2 + 329*l - 3335. Calculate o(12).
37
Let n(m) = 2*m**3 - 127*m**2 + 108*m - 2824. Give n(63).
11
Let v(q) = -q**3 - 4*q**2 + 11*q + 40. Give v(-2).
10
Let d(t) = -t**2 + 34*t + 3626. Give d(-46).
-54
Let f(d) = d**3 - 8*d**2 - 4*d + 17. Calculate f(6).
-79
Let v(t) = -123*t**2 - 3*t + 8. Determine v(1).
-118
Let v(z) = 97*z**2 + 6982*z - 146. Give v(-72).
-2
Let k(i) = 12*i**2 - 14*i + 3. Calculate k(1).
1
Let t(u) = 3*u**2 + 19*u - 25. Determine t(-9).
47
Let m(s) = -687*s + 688. Calculate m(1).
1
Let g(h) = h**3 + 15*h**2 + 8*h + 364. What is g(-16)?
-20
Let u(a) = -7*a**2 - 272*a - 238. Calculate u(-38).
-10
Let b(f) = -f**2 + 17*f - 170. What is b(14)?
-128
Let h(y) = y**3 - 37*y**2 + 35*y + 21. What is h(36)?
-15
Let f(s) = s**3 + 4*s**2 + 9*s + 8. Give f(-2).
-2
Let r(l) = 2*l**2 - 169*l - 1535. Calculate r(-8).
-55
Let q(a) = 2*a**3 - 41*a**2 - 220*a - 105. Determine q(25).
20
Let p(v) = 15*v**2 + 52*v + 152. Determine p(-3).
131
Let x(o) = o**3 + 42*o**2 + 2*o + 14. Determine x(-42).
-70
Let l(x) = 25*x + 131. Determine l(-9).
-94
Let r(k) = 263*k - 510. Determine r(2).
16
Let k(n) = n**2 - 471*n + 1405. Calculate k(3).
1
Let a(k) = -4*k**2 + 19*k + 9. What is a(-5)?
-186
Let h(w) = 16*w**2 + 12*w + 2. What is h(-1)?
6
Let l(t) = -299*t - 45751. Calculate l(-153).
-4
Let p(m) = m**3 + 7*m**2 - 45*m - 162. What is p(-9)?
81
Let z(j) = -4*j**2 - 28*j - 53. Determine z(-10).
-173
Let n(d) = -233*d - 23278. What is n(-100)?
22
Let p(h) = -h**2 - 776*h - 10871. Determine p(-14).
-203
Let v(i) = 128*i - 9538. Calculate v(75).
62
Let y(m) = -m**2 + 161*m - 4112. What is y(129)?
16
Let h(d) = -161*d + 1442. Determine h(6).
476
Let i(t) = 7*t**2 - 132*t + 103. Give i(18).
-5
Let l(i) = -i**3 + 26*i**2 - 25*i - 110. Determine l(25).
-110
Let f(t) = 3*t**2 - 349*t - 585. Give f(118).
5
Let q(t) = -t**3 + 32*t**2 + 15*t + 552. Calculate q(33).
-42
Let c(b) = -b**2 - 34*b - 292. What is c(-36)?
-364
Let h(s) = s**2 - 21*s + 89. Give h(11).
-21
Let z(s) = -s**2 - 2*s + 92. Calculate z(-14).
-76
Let c(p) = p**2 - 249*p - 2359. Give c(-9).
-37
Let f(w) = -2*w**3 - 18*w**2 - 6*w - 7. Give f(-10).
253
Let w(r) = -r**2 + 86*r - 670. Determine w(9).
23
Let p(u) = u**3 - 10*u**2 - 65*u - 143. What is p(15)?
7
Let m(y) = 696*y + 2096. Determine m(-3).
8
Let f(b) = -3825*b + 15347. What is f(4)?
47
Let v(c) = -c**2 + 27*c + 330. Give v(34).
92
Let c(l) = 62*l - 11167. Calculate c(180).
-7
Let c(u) = -u**3 + 11*u**2 - 5*u + 63. What is c(11)?
8
Let c(v) = v**3 + 97*v**2 - 95*v + 306. What is c(-98)?
12
Let l(a) = -466*a + 7033. Calculate l(15).
43
Let m(k) = 2*k**2 - 707*k + 6212. Calculate m(9).
11
Let s(a) = -a**3 - 16*a**2 + 491*a + 2119. What is s(-30)?
-11
Let r(q) = q**2 - 80*q - 1129. What is r(-12)?
-25
Let c(t) = -t**2 - 8*t + 7. Give c(-6).
19
Let k(b) = 22*b**2 + 1517*b - 100. What is k(-69)?
-31
Let l(i) = 2*i**2 - 983*i - 4945. Determine l(-5).
20
Let i(y) = -27*y - 2019. Give i(-75).
6
Let r(h) = h**3 - 19*h**2 + 54*h - 673. Give r(19).
353
Let g(t) = 10*t**3 + 37*t**2 - 26*t - 52. What is g(-4)?
4
Let r(h) = 399*h + 3162. Give r(-8).
-30
Let r(s) = s**2 - 7*s - 5. Determine r(6).
-11
Let b(h) = -h**3 + 7*h**2 - 25*h + 46. Give b(4).
-6
Let b(t) = 4*t - 206. Determine b(-36).
-350
Let d(m) = m**3 + 43*m**2 + 81*m - 105. Calculate d(-41).
-64
Let m(v) = -3*v**2 - 36*v + 14. Calculate m(-6).
122
Let t(r) = 604*r - 1775. What is t(3)?
37
Let r(q) = 304*q - 67789. What is r(223)?
3
Let b(d) = d**3 + 19*d**2 + 3*d + 90. Calculate b(-19).
33
Let h(i) = 31*i**3 + 7*i**2 + 8*i + 2. What is h(-1)?
-30
Let f(c) = 14*c**2 - 168*c + 439. Give f(4).
-9
Let b(m) = m**3 + m**2 - 7*m + 2. Give b(-4).
-18
Let j(x) = x**3 - 102*x**2 + 11*x - 1122. Determine j(102).
0
Let f(i) = 3*i**2 + 36*i + 142. Calculate f(0).
142
Let v(q) = q**2 + 34*q + 190. Determine v(-8).
-18
Let k(p) = -61*p**3 - 6*p**2 - 10*p + 15. Calculate k(1).
-62
Let f(v) = 104*v**2 - 18*v + 18. What is f(1)?
104
Let f(g) = 98*g + 551. Calculate f(-5).
61
Let j(o) = o**2 + 118*o - 19. Give j(-118).
-19
Let o(w) = 105*w - 4267. What is o(41)?
38
Let z(b) = -132*b + 221. What is z(2)?
-43
Let t(i) = -i**3 - 3*i**2 + 87*i - 10. Determine t(8).
-18
Let h(x) = -x**3 + 8*x**2 + 27*x - 211. Calculate h(8).
5
Let y(q) = 6*q - 231. What is y(37)?
-9
Let a(d) = d**3 + 46*d**2 - 98*d - 143. Calculate a(-48).
-47
Let t(z) = z**3 - 15*z**2 + 58*z - 6. What is t(9)?
30
Let r(l) = -48*l**3 + 14*l**2 - 12*l - 1. Determine r(1).
-47
Let d(p) = -p**3 + 26*p**2 - 107*p + 71. Calculate d(21).
29
Let b(x) = 146*x**3 - 3066*x**2 - 4*x + 66. Determine b(21).
-18
Let n(h) = -26*h**3 + 178*h**2 + 20*h - 7. Determine n(7).
-63
Let d(j) = 15*j**2 - 4*j + 31. What is d(4)?
255
Let u(i) = -i**3 + 106*i**2 + 94*i + 1388. Calculate u(107).
-3
Let z(a) = 4*a**2 - 156*a + 1160. Determine z(27).
-136
Let y(w) = 888*w - 7967. Give y(9).
25
Let c(x) = -x**3 + 54*x**2 - 184*x + 1582. What is c(51)?
1
Let u(s) = 4*s**2 + 723*s + 9337. Give u(-14).
-1
Let d(g) = 118*g - 4226. Give d(36).
22
Let y(m) = -21*m + 80. Calculate y(6).
-46
Let k(t) = t**3 - 2*t**2 + t + 260. Give k(0).
260
Let c(a) = 92*a - 1115. Give c(13).
81
Let u(w) = w**2 + 69*w + 363. Determine u(-6).
-15
Let y(g) = 200*g + 4000. Calculate y(-20).
0
Let l(w) = -18*w + 559. What is l(6)?
451
Let w(v) = 29*v**2 + 402*v + 5. Give w(-14).
61
Let m(z) = -8*z**3 - 3*z**2 + 6. What is m(3)?
-237
Let m(x) = x**3 + 45*x**2 - 19. Calculate m(-45).
-19
Let c(d) = 29*d + 90. Determine c(-3).
3
Let y(t) = 13*t + 85. What is y(-9)?
-32
Let r(t) = -t**3 - 21*t**2 - 38*t - 105. Determine r(-19).
-105
Let w(p) = 2*p**2 + 26*p - 26. Determine w(1).
2
Let u(l) = l**3 + 2*l**2 - 937*l - 2816. What is u(-3)?
-14
Let w(r) = -91*r + 3542. What is w(40)?
-98
Let q(s) = s**3 - 12*s**2 - 18*s + 34. What is q(14)?
174
Let w(y) = -43*y - 6. What is w(-5)?
209
Let p(r) = -6*r**2 - 354*r - 1895. Determine p(-53).
13
Let d(x) = -x**2 - 59*x - 451. Give d(-50).
-1
Let f(d) = -29*d - 2. Calculate f(0).
-2
Let m(d) = 2*d**3 + 103*d**2 + 339*d + 46. What is m(-48)?
-98
Let d(j) = 7*j**2 - 216*j - 755. What is d(34)?
-7
Let o(l) = -l**3 - 29*l**2 + 32*l + 39. Give o(-30).
-21
Let p(b) = b**2 - 89*b - 110. Give p(90).
-20
Let p(g) = -23*g - 597. Calculate p(-26).
1
Let d(k) = k**3 - 13*k**2 + 32*k + 27. Calculate d(5).
-13
Let h(f) = -f**3 + 57*f**2 + 194*f - 852. Determine h(60).
-12
Let f(m) = 10*m - 834. Determine f(32).
-514
Let h(g) = g**3 + 5*g**2 - 37*g - 130. Give h(-3).
-1
Let b(n) = 4*n**2 - 54*n + 6. What is b(-8)?
694
Let r(m) = 3*m**3 + 67*m**2 - 128*m - 186. What is r(-24)?
6
Let v(i) = 59*i + 521. What is v(-4)?
285
Let r(u) = 162*u - 116. Calculate r(3).
370
Let b(y) = y**2 - 35*y - 247. Calculate b(41).
-1
Let d(u) = 3*u**2 + 22*u - 1634. What is d(-27)?
-41
Let k(s) = s**2 - 24*s - 776. Calculate k(-19).
41
Let o(g) = g**3 - 12*g**2 - 135*g + 35. What is o(19)?
-3
Let f(y) = 6*y**2 + 10*y + 9. What is f(-5)?
109
Let d(x) = 21*x - 2670. Calculate d(127).
-3
Let u(l) = l**3 - 57*l**2 + 219*l - 7. Calculate u(4).
21
Let w(l) = l**2 + 54*l - 832. Calculate w(-66).
-40
Let v(x) = -2*x**2 + 47*x - 265. What is v(15)?
-10
Let u(a) = -a**3 + 30*a**2 + 13464*a - 9. Calculate u(132).
-9
Let l(x) = 2892*x + 2882. What is l(-1)?
-10
Let v(n) = -n + 10. Calculate v(-30).
40
Let z(s) = -s**3 + 7*s**2 - 276*s + 1624. Determine z(6).
4
Let b(p) = -